
-1000011101110000001110000
In base 2, what is -10101100010 - -101101110010?
11000010000
In base 11, what is -2 + a855575?
a855573
In base 6, what is 1 + -3152523403?
-3152523402
In base 3, what is -12 - -20110021020112?
20110021020100
In base 2, what is -10111 + -10011001111000111110?
-10011001111001010101
In base 2, what is -1100110110010101000 - 1000100?
-1100110110011101100
In base 11, what is 2 + -4a49356?
-4a49354
In base 2, what is 110111110011111001010010 - 110?
110111110011111001001100
In base 5, what is 40042301 + -404?
40041342
In base 3, what is 22010 - 1002220211222?
-1002220112212
In base 15, what is -51d + -80e1b?
-81439
In base 6, what is -1 + 1441050351?
1441050350
In base 6, what is 4040 + 21420?
25500
In base 11, what is 36893 - -344?
37127
In base 2, what is 1100101010111101101 - -10?
1100101010111101111
In base 6, what is 320 - 503505?
-503145
In base 14, what is -2d - -c09db?
c09ac
In base 7, what is 2666551002 - -5?
2666551010
In base 16, what is 12ed - 382?
f6b
In base 3, what is 202211 + -1201121?
-221210
In base 3, what is -1022220001 + -1100?
-1022221101
In base 12, what is 18b - 59a6b?
-598a0
In base 5, what is 1021302 + -123032?
343220
In base 8, what is 2350437 + 24?
2350463
In base 4, what is 11232210 + -103012?
11123132
In base 15, what is 1eba339 + 5?
1eba33e
In base 12, what is 17a7 + -812?
b95
In base 14, what is 2b8b9 - 125?
2b794
In base 10, what is -421087 + -24?
-421111
In base 14, what is 3d8cc669 + -4?
3d8cc665
In base 12, what is 4b - -37530?
3757b
In base 16, what is 354e - 3ab?
31a3
In base 4, what is -11 - 12223110122333?
-12223110123010
In base 3, what is 2111 - 1112200112211?
-1112200110100
In base 11, what is 11 + 224693a?
2246950
In base 14, what is -2 + 373374d?
373374b
In base 4, what is 1010221200 + 2221?
1010230021
In base 9, what is -1 + 16534838?
16534837
In base 10, what is -195568 + 225?
-195343
In base 7, what is -110 + 2442333?
2442223
In base 16, what is -2487 - 77b?
-2c02
In base 12, what is -7742b84 + 2?
-7742b82
In base 8, what is 1017625263 - -6?
1017625271
In base 8, what is 516771 - 772?
515777
In base 12, what is 272 - 5391?
-511b
In base 5, what is 40 + -1100040341?
-1100040301
In base 8, what is 4363106163 - 5?
4363106156
In base 8, what is -3567 + -4556?
-10345
In base 15, what is -7d - -171863?
1717d5
In base 6, what is -10012 - 331?
-10343
In base 2, what is -11001001001011101 - 10001001?
-11001001011100110
In base 6, what is 5 - 1255351252?
-1255351243
In base 10, what is 643 + 8581?
9224
In base 15, what is -1d84 - -431?
-1953
In base 4, what is 110020 + -231200332?
-231030312
In base 8, what is -757524547 - 1?
-757524550
In base 10, what is 1 + 2015954?
2015955
In base 2, what is 10100011 - -1101110110011111001?
1101110110110011100
In base 2, what is -101111111000100000000101010 - -10?
-101111111000100000000101000
In base 9, what is 355 - -3658378?
3658744
In base 2, what is 101 + -11110111101010001111101?
-11110111101010001111000
In base 10, what is 0 - 4891176?
-4891176
In base 7, what is 2 + -555140324?
-555140322
In base 8, what is 5505433 - -5?
5505440
In base 12, what is 25a77b + 5a?
25a819
In base 9, what is 34 - 56205510?
-56205465
In base 3, what is 212 + 10212001010?
10212001222
In base 11, what is -5 - 85882466?
-85882470
In base 9, what is 1573448 + -17?
1573431
In base 2, what is 100 - 11101101010000001001110010?
-11101101010000001001101110
In base 16, what is c055c7 + 5?
c055cc
In base 7, what is 5 + -5010042?
-5010034
In base 4, what is 2202333210 - -10?
2202333220
In base 12, what is -53 - -4949?
48b6
In base 3, what is 121 + 102011002202?
102011010100
In base 13, what is 6822 + -160?
6692
In base 9, what is 31 - -1075134?
1075165
In base 12, what is -1811b + -204b?
-1a16a
In base 15, what is -1b7 + 1dd0e6?
1dce2e
In base 4, what is 3313 - 10210020?
-10200101
In base 5, what is 10 + -10234300420?
-10234300410
In base 5, what is 100311140 - 340?
100310300
In base 11, what is -665 - -53736?
53081
In base 10, what is 2168 + -3916?
-1748
In base 14, what is a7d8c - -2d?
a7dbb
In base 11, what is -85986904 + 1?
-85986903
In base 2, what is 101000110111001110111 - -111?
101000110111001111110
In base 2, what is -1011011111001001000001011101 - 1?
-1011011111001001000001011110
In base 3, what is 12 - 12022002110001?
-12022002102212
In base 13, what is -3 - -1852aa21?
1852aa1b
In base 3, what is 10200012 + -1111101?
2011211
In base 7, what is 4325046305 + 3?
4325046311
In base 9, what is 8434777 - 1?
8434776
In base 8, what is 456623327 - -3?
456623332
In base 8, what is -1535 - -474722?
473165
In base 9, what is -1668 + 588?
-1070
In base 12, what is -6435 - 201b?
-8454
In base 10, what is 779 + 118885?
119664
In base 16, what is 4ccd - daa?
3f23
In base 13, what is 152 + -9b82b?
-9b6a9
In base 11, what is -76 - -279434?
279369
In base 3, what is -11 + -2111211000200211?
-2111211000200222
In base 7, what is 434361430 + 2?
434361432
In base 14, what is -3 - 334d277?
-334d27a
In base 2, what is 10110 - -100101000000100001?
100101000000110111
In base 12, what is 4 + -107b832?
-107b82a
In base 15, what is -2 + -3a2ba48?
-3a2ba4a
In base 14, what is 7133a05 - 6?
71339dd
In base 7, what is -362006611 + 10?
-362006601
In base 13, what is -880 + -1615c?
-16a0c
In base 14, what is -22c7ab - -cc?
-22c6bd
In base 8, what is -5371 + 316737?
311346
In base 2, what is 0 + 11110110101110100101101?
11110110101110100101101
In base 11, what is 10aa9 - 27a8?
9301
In base 12, what is 0 + 36668330?
36668330
In base 13, what is 19c2877 + 8?
19c2882
In base 14, what is 7896bb9 - -9?
7896bc4
In base 14, what is -3db78 - 17?
-3db91
In base 10, what is -5341 - 19270?
-24611
In base 16, what is bd + c9a?
d57
In base 7, what is 11341551001 - -1?
11341551002
In base 9, what is 2773050 + 1281?
2774341
In base 4, what is 331 + 20200113010?
20200120001
In base 4, what is -100022 - 2231001?
-2331023
In base 8, what is 527 + 33421?
34150
In base 8, what is 3474362 + 3?
3474365
In base 14, what is 1 - -7a9db2?
7a9db3
In base 14, what is 979293 - d?
979284
In base 4, what is -1102012222213 - 1?
-1102012222220
In base 13, what is 307 - -104284?
10458b
In base 12, what is -315 - -27a893?
27a57a
In base 2, what is -11000101001100111010011011011 + 101?
-11000101001100111010011010110
In base 7, what is -2 + -502650360?
-502650362
In base 11, what is 2246a2 + -55?
224648
In base 2, what is -110101 + 10000001110110010000011?
10000001110110001001110
In base 14, what is -67c011 + -38?
-67c049
In base 5, what is -204 - -4000320?
4000111
In base 8, what is 723254324 - 2?
723254322
In base 4, what is 111203323012 + -1?
111203323011
In base 3, what is -22102 + -20002011?
-20101120
In base 13, what is -a5080 - 5a1?
-a5651
In base 10, what is -42815 - -5?
-42810
In base 7, what is -10246 - 436112?
-446361
In base 6, what is 4320035345 + 5?
4320035354
In base 12, what is 88 - -1494344?
1494410
In base 13, what is 6 - -730729?
730732
In base 16, what is 2a5 - -185e31?
1860d6
In base 11, what is -462456 + 27?
-46242a
In base 8, what is -776046704 - 1?
-776046705
In base 12, what is 566b - 30?
563b
In base 7, what is 2011 + -1353625?
-1351614
In base 10, what is 3488 + -3146?
342
In base 13, what is -35860a - -20?
-3585ba
In base 2, what is -1100111100000111011 - -10000010?
-1100111011110111001
In base 10, what is 5 - -309993529?
309993534
In base 2, what is 1110110111001101000000 + -100?
1110110111001100111100
In base 13, what is -22c70c38 - -6?
-22c70c32
In base 9, what is -20485 + 617?
-18767
In base 15, what is 19bdd0ac - -1?
19bdd0ad
In base 5, what is -141413423444 + -4?
-141413424003
In base 11, what is -286282123 + 4?
-28628211a
In base 12, what is 69a - -9623b?
96919
In base 7, what is -462561111 + -2?
-462561113
In base 16, what is -3ca37 - 3a?
-3ca71
In base 15, what is -78d84b7 + 4?
-78d84b3
In base 7, what is -5 - 1506325043?
-1506325051
In base 11, what is 12546a9a - -4a?
12547039
In base 12, what is -501486 - 6?
-501490
In base 9, what is 6564837 - -11?
6564848
In base 5, what is -3 + -11322044222?
-11322044230
In base 13, what is b1 + -33361?
-33280
In base 10, what is -691728 + -13?
-691741
In base 4, what is -112 + 233230022?
233223310
In base 14, what is 1 - -adcd67?
adcd68
In base 9, what is 